6*s**3 + 0 - 3/4*s**5. Give d(v).
-14
Let l(u) = -302*u - 1. Let y(m) = 340*m + 2. Let h(z) = -9*l(z) - 8*y(z). Let d(q) = -6*q**3 + q - 1. Let o be d(1). What is h(o)?
5
Let q(c) = c**2 - 12*c. Let h(z) = z**3 + 32*z**2 - 62*z - 49. Let p(n) = -h(n) + 7*q(n). Give p(-24).
1
Suppose -i + 101 = -5*g + 9*g, -g + 22 = -3*i. Suppose g = y - 8. Suppose -4*o = 3*k + y, -5*o - k - 31 = 2. Let b(m) = -m**2 - 9*m - 4. Determine b(o).
14
Let g(i) be the first derivative of i**6/120 - i**5/15 - i**4/2 - 2*i**3/3 - 5*i**2/2 - 8*i - 92. Let n(z) be the second derivative of g(z). Determine n(6).
-4
Let k be (3 - 133/42)*-18. Let s(b) = b**2 + 2*b + 5. Let a(j) = -j**2 - 2*j - 7. Let x(u) = k*s(u) + 2*a(u). Calculate x(3).
16
Let n = 423 + -290. Let t(g) = -134*g**2 + g**3 + n*g**2 + 2 - 2 - 2*g. Calculate t(0).
0
Let q(d) = d**3 - 17*d**2 - 15*d - 57. Let z = -1924 - -1942. Determine q(z).
-3
Let r = -1178 - -1214. Let x(o) = 7*o - 220. Determine x(r).
32
Let z(t) = 2*t**2 + 11*t + 9. Suppose 3*i = -20*i - 207. Give z(i).
72
Let k(x) = 5*x - 57. Let z = 1722 - 1706. What is k(z)?
23
Let b(z) be the second derivative of z**4/12 + 5*z**3/3 + 29*z**2/2 - 684*z + 4. What is b(0)?
29
Let x(d) be the second derivative of -1/60*d**5 + 0 - 1/3*d**3 - 1/4*d**4 + 11/2*d**2 + 12*d. Let i(k) be the first derivative of x(k). Give i(-4).
6
Let i(a) = -a**3 + 22*a**2 + 22*a + 20. Let k be i(23). Let w(p) = -2*p**2 + 7*p - 5. Let c(m) = -3*m**2 + 7*m - 8. Let j(g) = k*c(g) + 4*w(g). Calculate j(-4).
-8
Let q(m) = 3*m - 3. Let c = 244 - 249. Let i be 0/c + -3 + 0 - -5. Calculate q(i).
3
Let u(a) = -a + 11*a - 5*a + 4*a - 4*a. Let d be ((-2)/4)/((-5)/30). Suppose -2*i + 0*x + 2*x + 14 = 0, 3*i + 3*x = -d. Determine u(i).
15
Let b(a) be the second derivative of 4*a**3/3 + 1441*a. Calculate b(2).
16
Let u(p) = -p**3 + 8*p**2 - 7*p - 1. Let y be u(5). Let w = y - 37. Let c(r) = -21*r - 3 + 27*r + 10 + r**w. What is c(-5)?
2
Let m(r) = 7*r**2 - 12*r - 7. Let p(s) = 5*s**2 - 11*s - 6. Let a(x) = 3*m(x) - 4*p(x). Let z be (1 + 4)*348/15. Let i be (-8)/(-28) + z/(-14). Determine a(i).
3
Suppose 16 - 19 = -d. Let t(h) = 2*h + d*h - 2*h + h - 5*h. Determine t(-7).
7
Let m be 20*(3/36)/(1/159). Let f = 256 - m. Let i(u) = 3 + 3 + 2*u**2 - 3*u**2 + 0*u**2 - 9*u. Give i(f).
6
Let z(w) be the third derivative of w**5/15 + 19*w**4/24 + 5*w**3/6 + 3*w**2 + 9*w. What is z(-6)?
35
Suppose 28*c - 30*c + 8 = 0. Suppose 68 = c*z - 4*d, -4*z - 3*d = -2*z - 19. Let s(m) = -m**2 + 15*m - 12. Calculate s(z).
2
Let r = 35 + -33. Suppose -7*v + r*v = -20. Let x be 28/(-13) + v/26. Let t(o) = -o**2 - o - 1. Determine t(x).
-3
Let h(q) be the first derivative of -q**4/4 - q**3/3 + q**2/2 - 9*q + 52. Let u = -235 + 235. What is h(u)?
-9
Suppose 20 = m + m. Let z(h) = 29 + 10*h**2 + 25*h - h**3 + 26*h - 54*h. Let a be z(m). Let d(q) = -6*q**2 + 1. What is d(a)?
-5
Let r(n) = 63*n + 32. Let g(w) = 26*w + 15. Let m(x) = -5*g(x) + 2*r(x). What is m(6)?
-35
Let z be ((-32)/2)/(-2) + -6. Let h(c) = -3 + 7 - c**z - 31*c + 34*c. Determine h(5).
-6
Suppose -5*a - 4 = -2*w, 2*a - 4 = -6*w + 4*w. Let s(x) be the second derivative of x**3 + 1/2*x**2 + 10*x + a. Give s(-1).
-5
Suppose -i - 1 = 3. Suppose 0*l + 36 = 12*l. Let v(u) = 5*u**2 + 3*u + 1 + u**l + 9 - 7. Determine v(i).
7
Let d(y) = -y + 15. Suppose -11*z + 8*z = 378. Let i be (-468)/z - (-4)/14. Let h be (0 + 0 + 2)*14/i. What is d(h)?
8
Let x(y) = 5*y**3 - 36*y**2 + 87*y - 101. Let w(h) = -3*h**3 + 18*h**2 - 41*h + 51. Let b(f) = 7*w(f) + 4*x(f). Give b(-21).
-5
Let b(g) = 7*g**3 - 108*g**2 - 13*g - 86. Let h(s) = 4*s**3 - 58*s**2 - 6*s - 45. Let q(f) = -6*b(f) + 11*h(f). Give q(-6).
-123
Let h(o) be the first derivative of 5*o**3/3 + 9*o + 3270. Determine h(4).
89
Let i(d) = 2*d**3 + 22*d**2 - 3*d - 54. Let v = -28782 - -28771. Determine i(v).
-21
Let v(o) = 20*o - 260. Let p be v(13). Suppose p = -26*i - 10 - 68. Let q(y) = -y**2 - 2*y + 3. What is q(i)?
0
Let o(h) = 28*h**2 + 5*h + 13. Let p be o(-5). Let x = 686 - p. Let w(m) = -m**3 + m**2 + 2*m + 1. Determine w(x).
9
Let t(w) = -16035*w + 0*w**2 + 16023*w + w**2. Let h be (0 + (-1)/((-3)/(-3)))*-11. What is t(h)?
-11
Let b(a) = -453*a - 18. Let t(u) = -210*u - 9. Let h(o) = 6*b(o) - 13*t(o). What is h(3)?
45
Let u = 19 + -19. Let a(r) = -134*r + 27. Let i(t) = 54*t - 13. Let f(x) = -2*a(x) - 5*i(x). Determine f(u).
11
Let c(g) be the third derivative of g**4/4 - 35*g**3/6 - 12*g**2 + 37*g. Calculate c(10).
25
Suppose i - 5 = -4*i. Let c(r) be the third derivative of 1/6*r**3 + 0*r + 38*r**2 + 1/60*r**5 - 1/24*r**4 + 0. Give c(i).
1
Suppose 2*z - 3*c + 17 - 5 = 0, 30 = -5*z - c. Let p be ((-18)/(-24))/(2/24). Let l(w) = -w**3 - p*w + 3*w + 12*w - 5*w**2 + 8 + 3*w. Calculate l(z).
-10
Let d = -28 + 34. Let u(q) = -3 - d*q + 3 - 55. Let p be u(-9). Let h(i) = 5*i**2 - 2*i - 1. Determine h(p).
6
Let x(z) = -4*z**2 - 12*z - 3. Let s(t) = -t**2 - 14*t + 4. Let c(o) = o**2 + 2. Let d(n) = -4*c(n) + s(n). Let u(j) = 3*d(j) - 4*x(j). Give u(-8).
16
Let w(c) be the first derivative of -c**7/840 + c**6/120 + c**4/24 - 7*c**3/3 - c + 6. Let n(s) be the third derivative of w(s). What is n(4)?
-15
Suppose 1723 - 310 + 603 = 63*w. Let l(n) = -n**3 + 35*n**2 - 97*n + 44. What is l(w)?
12
Suppose r - 6*r = -g + 22, -g = 5*r + 18. Let k(n) = -130 - n**2 - 8*n - 142 + 274. Determine k(r).
18
Let p = 4499 - 4505. Let h(j) = -j**2 - 6*j - 7. Determine h(p).
-7
Let l(x) = -5*x - 6. Let y(t) = -1. Let a(q) = -l(q) + 5*y(q). Let f be -1 + 3 - (0 + (-1 - -1)). Suppose -i + 6 = -f*u, -3*i + i - 4*u - 20 = 0. Give a(i).
-9
Suppose -31*h = -24*h - 476. Let c(x) = -h + 205 - 2*x - 65 - 69. Let d be (7 + 1)*(-12)/16. Calculate c(d).
15
Let t(y) = -y**2 + 26*y + 20 - 20 + 18 + 0*y**2 + 2*y**2. Calculate t(-27).
45
Suppose 4*s - 14 = -3*c, 2*s = c + 3*s - 5. Let o(m) = 7*m - 12. Let n(b) = -b + 1. Let p(y) = 5*n(y) + o(y). Determine p(c).
5
Let t(s) be the third derivative of -s**7/5040 + 11*s**6/720 + s**5/20 - s**4/12 + 8*s**2 - 14. Let r(a) be the third derivative of t(a). Determine r(14).
-3
Let q(y) = 3*y**2 + 3*y. Suppose 0 = l + 5*u, 0*l - 2*l - 2*u = -8. Let r(j) = j**2 - l*j + 15 + 17*j + 14. Let s be r(-8). Give q(s).
18
Let s(p) = p**3 - p**2 + 2. Suppose 0 = 4*g + z + 11, -2*g = 3*z - 8*z - 11. Determine s(g).
-10
Let c(p) = 210*p**3 + 21*p**2 + p + 4. Let z(g) = 139*g**3 + 15*g**2 + g + 3. Let v(w) = 5*c(w) - 7*z(w). What is v(-1)?
-76
Let m(g) be the third derivative of g**6/360 + g**5/30 + g**4/6 - 11*g**3 + 76*g**2. Let b(i) be the first derivative of m(i). Determine b(-5).
9
Let u(w) = -w**2 - w - 12. Suppose -17*s + 35*s - 162 = 0. Let t be (6 - (-7)/((-21)/s)) + -3. What is u(t)?
-12
Let z(c) = 15*c + 2. Let x(u) = 10*u + 3. Let k(b) = -6*x(b) + 5*z(b). Determine k(1).
7
Let m(n) = n**2 + 4*n - 6. Let w(a) = 20*a + 160. Let g be w(-8). Let k(b) = b**3 - 13*b - 5. Let t be k(g). Calculate m(t).
-1
Let j(s) be the second derivative of 0 - 1/3*s**4 + 5/3*s**3 + s - 1/180*s**6 + 0*s**2 - 1/12*s**5. Let l(b) be the second derivative of j(b). Give l(-6).
-20
Suppose 0 = 11*w + 111 - 78. Let z(g) = -g**3 - 2*g**2 - 2*g - 2. Calculate z(w).
13
Let g(f) be the third derivative of f**6/120 + 19*f**5/60 + 2*f**4/3 - 17*f**3/3 - 5*f**2 - 40*f. Let q be (6/7)/((-2)/42). Determine g(q).
2
Let r(i) be the second derivative of -i**8/6720 - i**7/315 + 7*i**5/120 + 175*i**4/12 + 3*i - 26. Let d(u) be the third derivative of r(u). What is d(-8)?
7
Let x = -1635 - -1629. Let u(i) = -i**3 - 8*i**2 - 6*i + 5. Determine u(x).
-31
Let r be 2142/84 - (-24)/16. Let h(u) = 2*u. Determine h(r).
54
Suppose 7*c + 66 = 13*c. Suppose -c*b - 32 + 21 = 0. Let t(s) = -3*s + 4. Let h(u) = -4*u + 3. Let n(d) = 5*h(d) - 4*t(d). What is n(b)?
7
Let r(f) = 4*f + 4. Let u be (-3 + 7 - 3) + -11. Calculate r(u).
-36
Let t(p) = -7*p**3 - 14*p**2 - 6*p + 10. Let j(z) = z**3 - z**2 + z - 1. Let x(s) = s**2 - 15*s + 25. Let m be x(13). Let q(k) = m*t(k) - 6*j(k). Give q(-20).
-4
Suppose 4*h = -3*c + 36, 5*c = -3*h - 11 + 49. Let d(t) be the first derivative of t**2 - 3*t + 2230. Give d(h).
9
Let g(q) be the first derivative of -10/3*q**3 - 9*q + 214 - 3/2*q**2 - 1/4*q**4. Calculate g(-10).
21
Let b(s) be the second derivative of s**4/6 - 5*s**3/6 - s**